232 (base 4) to base 11
-19a084
Convert 1125040 (base 8) to base 6.
10315132
12410013 (base 5) to base 11
84051
-554b (base 12) to base 14
-360b
Convert 5452646 (base 8) to base 10.
1463718
-1201020011 (base 3) to base 15
-9eba
-15563142 (base 7) to base 3
-2211210011110
-274156 (base 12) to base 7
-5344602
What is 101111100100101100001 (base 2) in base 15?
20bd56
Convert -746ce (base 15) to base 13.
-cc1bb
-b8f32b (base 16) to base 2
-101110001111001100101011
11166 (base 16) to base 5
4214430
Convert -75ca (base 16) to base 4.
-13113022
-12304131 (base 5) to base 8
-350773
-17a7dbb (base 15) to base 11
-98050a4
Convert -17264 (base 9) to base 14.
-448c
132012313 (base 4) to base 15
26814
What is 3d9304 (base 14) in base 10?
2138168
65157 (base 14) to base 16
3bb09
Convert 1605575 (base 8) to base 6.
13521245
-1010101110000111100 (base 2) to base 7
-2662114
205521241 (base 6) to base 10
3634297
200110211030 (base 4) to base 15
b25758
Convert -574672 (base 8) to base 3.
-100220111022
Convert 30c3c1 (base 15) to base 7.
25500223
What is -1106340 (base 7) in base 9?
-227446
Convert -2015365 (base 7) to base 15.
-4aedd
Convert -1770302 (base 9) to base 10.
-990956
What is 2302332222 (base 4) in base 11?
460873
Convert 10304031 (base 5) to base 7.
514415
-200202221 (base 4) to base 16
-208a9
11315435 (base 6) to base 8
1260317
What is 7640852 (base 9) in base 6?
223523332
Convert 4549506 (base 10) to base 14.
865daa
Convert 26a407 (base 11) to base 6.
13025445
What is -2001012021122 (base 3) in base 5?
-234231131
20222202000121 (base 3) to base 10
3715000
Convert -11111221212011 (base 3) to base 9.
-4457764
1763664 (base 13) to base 6
430555533
Convert 140241 (base 8) to base 9.
74572
What is -2627734 (base 8) in base 2?
-10110010111111011100
Convert 178672 (base 13) to base 7.
5004556
-21012100220102 (base 3) to base 10
-3825722
Convert 356123 (base 9) to base 15.
43803
1001022001 (base 3) to base 6
235301
-27744 (base 12) to base 8
-152544
Convert -20002310302 (base 4) to base 12.
-8583aa
-369539 (base 12) to base 8
-3304675
Convert 31314 (base 14) to base 3.
20000200112
Convert 213042430 (base 6) to base 14.
7074b0
-9ab1 (base 13) to base 14
-7c35
What is -101000101021000 (base 3) in base 2?
-10100010011010010100001
What is 1b17b8a (base 12) in base 11?
32828a5
-3443230 (base 5) to base 7
-346451
66a77 (base 13) to base 7
1404153
Convert 12c785c (base 14) to base 12.
306284a
What is -62782 (base 9) in base 2?
-1010000111111001
Convert 20001201111102 (base 3) to base 15.
439c62
-320532 (base 7) to base 15
-11696
1034233143 (base 5) to base 3
11020202010221
Convert -4224023 (base 5) to base 13.
-26131
2a814 (base 12) to base 3
10001012021
Convert -e3fe1 (base 16) to base 10.
-933857
What is -26709 (base 13) in base 5?
-4241441
What is -3123230122 (base 4) in base 10?
-899866
What is -3753611 (base 8) in base 7?
-11552605
What is -476406 (base 8) in base 2?
-100111110100000110
What is -105322234 (base 6) in base 12?
-79637a
Convert 7a1965 (base 11) to base 16.
137962
What is -66b19 (base 12) in base 4?
-201103011
Convert -233491 (base 12) to base 9.
-1052041
What is -132413 (base 5) in base 11?
-4031
Convert 8c34c (base 13) to base 15.
50a33
2240593 (base 10) to base 4
20203001101
Convert 6422353 (base 7) to base 6.
24405311
What is 47916 (base 11) in base 5?
4201422
Convert -22301215 (base 7) to base 5.
-443331013
What is -43872 (base 11) in base 8?
-174164
What is -10010112102 (base 3) in base 5?
-3433000
What is 1001001001101111001110 (base 2) in base 8?
11115716
What is 384377 (base 13) in base 15?
1ba7c5
22301001212 (base 4) to base 2
1010110001000001100110
Convert 2b0a50b (base 12) to base 7.
134115350
What is 620525 (base 7) in base 14?
2a84c
Convert 1535176 (base 8) to base 10.
440958
-399846b (base 12) to base 15
-1002532
What is -30100003322 (base 4) in base 5?
-1310232024
-2002102210011 (base 3) to base 2
-100001111001100110110
-1020111221 (base 3) to base 4
-11331301
Convert 1004102212 (base 6) to base 12.
3534968
What is -4315526 (base 7) in base 11?
-329815
-226cc1 (base 13) to base 11
-507418
What is -1c93ec (base 16) in base 3?
-10112011002210
121223155 (base 6) to base 11
1334871
What is -48a850 (base 12) in base 9?
-2187226
What is 24146304 (base 8) in base 13?
113531a
Convert -1bb193 (base 14) to base 8.
-3617275
38cec (base 15) to base 6
3521353
Convert -35884 (base 12) to base 11.
-4a196
Convert -7be94 (base 15) to base 4.
-1200120211
What is 14354204 (base 9) in base 3?
111101211020011
-5325277 (base 8) to base 9
-2603741
-71107c (base 13) to base 10
-2629912
Convert -99b2 (base 12) to base 13.
-7964
-1002020110122011 (base 3) to base 7
-246036331
-1000000000010101111101011 (base 2) to base 3
-1011120221102210
Convert 6fe79c (base 16) to base 6.
421104420
What is 394b58 (base 16) in base 9?
7052604
Convert -321311212 (base 4) to base 8.
-716546
Convert -1121112011 (base 3) to base 4.
-13233301
1122044234 (base 5) to base 3
11202202102200
What is -5440728 (base 10) in base 3?
-101020102021110
Convert 122332405 (base 6) to base 2.
1001000000010100010101
What is 1332333023 (base 4) in base 9?
872442
Convert 99558 (base 10) to base 4.
120103212
-44c8a (base 16) to base 10
-281738
Convert -42b93 (base 12) to base 10.
-88095
Convert -71d23 (base 14) to base 2.
-1000010111100111011
Convert -24401203 (base 7) to base 5.
-1024412404
Convert -2b069 (base 12) to base 16.
-ec91
101554311 (base 6) to base 7
21031651
Convert -404b12 (base 13) to base 16.
-16d31a
What is 8a850 (base 15) in base 7?
3513423
Convert -134362 (base 10) to base 13.
-49207
What is 110011001010100001 (base 2) in base 4?
303022201
Convert -839d12 (base 14) to base 15.
-5cc100
-3a584e (base 15) to base 3
-12021102011102
-10101001001010110 (base 2) to base 7
-510343
What is -5144240 (base 6) in base 11?
-1597a8
Convert -4f24b (base 16) to base 13.
-b4723
-846075 (base 9) to base 5
-112044303
Convert 251b08 (base 12) to base 11.
383325
2214411 (base 7) to base 4
1002213321
-20b221 (base 12) to base 2
-1111110001101111001
-21225431 (base 7) to base 8
-6705434
What is -222347 (base 9) in base 3?
-20202101121
What is 788917 (base 15) in base 7?
66604615
What is -87ede (base 15) in base 8?
-1513560
What is 5045501 (base 6) in base 2?
111010100001101101
-540505334 (base 6) to base 9
-18876884
Convert -13a05 (base 15) to base 7.
-351455
What is -176391 (base 12) in base 14?
-a77ad
Convert -14432 (base 14) to base 13.
-19b21
Convert a03b3 (base 14) to base 2.
1011101111110001001
What is -129b46 (base 14) in base 7?
-5311316
What is 13030300 (base 4) in base 16?
7330
Convert 155085 (base 10) to base 3.
21212201220
-1012202200010 (base 3) to base 16
-9d73d
What is 103330122 (base 4) in base 3?
11011001120
3b13f (base 16) to base 7
2025330
Convert ba4524 (base 12) to base 3.
12112222121201
-5235572 (base 8) to base 11
-870494
b450cb (base 15) to base 8
40547423
-5644155 (base 8) to base 3
-2212112002200
Convert 1440210001 (base 5) to base 8.
16502171
1c45339 (base 13) to base 15
c5c8c4
-12b12b (base 13) to base 15
-8e25d
What is 95538 (base 11) in base 5?
13422240
-34b26 (base 14) to base 11
-88530
-1722288 (base 9) to base 7
-11104454
-11010011011110 (base 2) to base 5
-413114
-50735 (base 11) to base 5
-4332330
Convert -3402b4 (base 12) to base 9.
-1504321
Convert 242aa (base 14) to base 15.
1b2a0
What is -622605 (base 8) in base 9?
-343775
Convert 4110121 (base 8) to base 5.
234214041
What is -5648 (base 10) in base 6?
-42052
What is -13297b (base 16) in base 10?
-1255803
Convert -22824b (base 14) to base 15.
-1831b1
What is -1815513 (base 10) in base 9?
-3366366
Convert -a85422 (base 14) to base 7.
-66310242
Convert 105150b (base 14) to base 11.
43a7197
-592329 (base 13) to base 7
-24002145
What is 2212110000 (base 3) in base 7?
323412
-259cd (base 15) to base 11
-82463
Convert -117059 (base 13) to base 11.
-264032
-1343234300 (base 5) to base 8
-15246323
1250a (base 12) to base 7
132442
What is -a1224 (base 13) in base 7?
-2310106
Convert -152557 (base 10) to base 6.
-3134141
What is -73aa02 (base 13) in base 2?
-1010010101001110101100
What is 27234372 (base 9) in base 12?
45b6332
What is 6321012 (base 8) in base 9?
3140325
What is -100010121 (base 5) in base 9?
-655662